2240946.
2, 3, 29, 53
What are the prime factors of 610630?
2, 5, 227, 269
What are the prime factors of 2164713?
3, 721571
What are the prime factors of 15775307?
337, 46811
List the prime factors of 617616.
2, 3, 4289
What are the prime factors of 8745326?
2, 61, 97, 739
List the prime factors of 1643916.
2, 3, 136993
List the prime factors of 2912837.
1277, 2281
What are the prime factors of 9873449?
9873449
List the prime factors of 13596183.
3, 1510687
What are the prime factors of 16111628?
2, 13, 83, 3733
What are the prime factors of 183459?
3, 61153
What are the prime factors of 1381054?
2, 457, 1511
What are the prime factors of 250466?
2, 61, 2053
What are the prime factors of 297942?
2, 3, 17, 23, 127
List the prime factors of 500205.
3, 5, 33347
What are the prime factors of 7236785?
5, 383, 3779
What are the prime factors of 8078191?
11, 734381
List the prime factors of 9444797.
829, 11393
What are the prime factors of 10872582?
2, 3, 7, 258871
What are the prime factors of 7819943?
461, 16963
List the prime factors of 391285.
5, 139, 563
What are the prime factors of 1023534?
2, 3, 101, 563
What are the prime factors of 823627?
7, 97, 1213
List the prime factors of 6240458.
2, 7, 445747
List the prime factors of 421602.
2, 3, 29, 2423
List the prime factors of 27128101.
7, 11, 13, 41, 661
What are the prime factors of 892777?
892777
What are the prime factors of 5742213?
3, 431, 4441
What are the prime factors of 94956?
2, 3, 41, 193
What are the prime factors of 9739?
9739
List the prime factors of 3978595.
5, 17, 46807
List the prime factors of 3235396.
2, 19, 42571
List the prime factors of 36485801.
11, 43, 77137
List the prime factors of 251370.
2, 3, 5, 7, 19
What are the prime factors of 12500011?
109, 114679
What are the prime factors of 2010213?
3, 401, 557
What are the prime factors of 4615477?
4615477
What are the prime factors of 2966367?
3, 988789
List the prime factors of 6741431.
6741431
What are the prime factors of 246081?
3, 11, 7457
List the prime factors of 1316378.
2, 7, 17, 5531
What are the prime factors of 5163569?
23, 43, 227
List the prime factors of 4744187.
7, 23, 79, 373
What are the prime factors of 184206?
2, 3, 11, 2791
List the prime factors of 178960.
2, 5, 2237
List the prime factors of 537769.
537769
List the prime factors of 6288960.
2, 3, 5, 6551
List the prime factors of 21414406.
2, 13, 19, 67, 647
What are the prime factors of 1885073?
673, 2801
List the prime factors of 1108661.
271, 4091
What are the prime factors of 232374?
2, 3, 38729
What are the prime factors of 27654734?
2, 13827367
What are the prime factors of 715286?
2, 11, 13, 41, 61
What are the prime factors of 621451?
621451
List the prime factors of 10261278.
2, 3, 570071
List the prime factors of 1824243.
3, 107, 5683
What are the prime factors of 10047434?
2, 5023717
List the prime factors of 291702.
2, 3, 61, 797
List the prime factors of 1769208.
2, 3, 7, 10531
List the prime factors of 328856.
2, 11, 37, 101
What are the prime factors of 253832?
2, 31729
What are the prime factors of 1032754?
2, 516377
List the prime factors of 168600.
2, 3, 5, 281
What are the prime factors of 2605302?
2, 3, 7, 23, 29, 31
What are the prime factors of 846706?
2, 7, 197, 307
What are the prime factors of 146804?
2, 7, 107
List the prime factors of 5868297.
3, 652033
What are the prime factors of 9954635?
5, 1990927
What are the prime factors of 129991?
61, 2131
List the prime factors of 756579.
3, 252193
List the prime factors of 315529.
315529
What are the prime factors of 817438?
2, 408719
What are the prime factors of 25917988?
2, 233, 27809
List the prime factors of 109597.
109597
What are the prime factors of 29759517?
3, 397, 8329
What are the prime factors of 189357?
3, 7, 71, 127
List the prime factors of 324354.
2, 3, 54059
What are the prime factors of 207553?
17, 29, 421
List the prime factors of 317986.
2, 158993
List the prime factors of 4332089.
4332089
List the prime factors of 25503758.
2, 7, 631, 2887
What are the prime factors of 130294?
2, 65147
What are the prime factors of 94835?
5, 13, 1459
List the prime factors of 3687689.
569, 6481
List the prime factors of 15907.
15907
What are the prime factors of 130931?
311, 421
What are the prime factors of 175848?
2, 3, 17, 431
What are the prime factors of 655030?
2, 5, 31, 2113
List the prime factors of 23391202.
2, 11695601
List the prime factors of 4774146.
2, 3, 13, 97, 631
List the prime factors of 551955.
3, 5, 31, 1187
What are the prime factors of 1135934?
2, 19, 167, 179
What are the prime factors of 7144935?
3, 5, 7, 9721
What are the prime factors of 5148657?
3, 41, 4651
List the prime factors of 6862641.
3, 2287547
List the prime factors of 31084024.
2, 17, 228559
What are the prime factors of 476753?
476753
List the prime factors of 3473680.
2, 5, 7, 6203
What are the prime factors of 155535?
3, 5, 10369
What are the prime factors of 58151?
58151
What are the prime factors of 84885?
3, 5, 5659
What are the prime factors of 181831?
13, 71, 197
What are the prime factors of 277696?
2, 4339
What are the prime factors of 35255?
5, 11, 641
List the prime factors of 3855455.
5, 771091
List the prime factors of 23812.
2, 5953
What are the prime factors of 779974?
2, 13, 131, 229
What are the prime factors of 822103?
17, 37, 1307
List the prime factors of 266407.
17, 15671
What are the prime factors of 31128?
2, 3, 1297
What are the prime factors of 1092177?
3, 19, 2129
List the prime factors of 670433.
127, 5279
List the prime factors of 910279.
910279
List the prime factors of 78840.
2, 3, 5, 73
List the prime factors of 1003565.
5, 200713
What are the prime factors of 261556?
2, 23, 2843
List the prime factors of 756258.
2, 3, 241, 523
List the prime factors of 15598787.
79, 197453
List the prime factors of 3828633.
3, 19, 67169
What are the prime factors of 5901632?
2, 11, 83, 101
What are the prime factors of 580584?
2, 3, 17, 1423
What are the prime factors of 1300758?
2, 3, 431, 503
List the prime factors of 2228591.
2228591
What are the prime factors of 3151854?
2, 3, 175103
List the prime factors of 41883772.
2, 7, 29, 51581
List the prime factors of 3965490.
2, 3, 5, 19, 773
What are the prime factors of 3349058?
2, 331, 5059
What are the prime factors of 4076372?
2, 1019093
List the prime factors of 825060.
2, 3, 5, 13751
What are the prime factors of 318446?
2, 159223
List the prime factors of 11165097.
3, 23, 103, 1571
List the prime factors of 145063.
145063
List the prime factors of 24889847.
103, 167, 1447
What are the prime factors of 5439517?
337, 16141
List the prime factors of 3979964.
2, 994991
What are the prime factors of 18715203?
3, 13, 103, 1553
What are the prime factors of 2022355?
5, 631, 641
List the prime factors of 8221278.
2, 3, 13, 105401
List the prime factors of 236682.
2, 3, 487
What are the prime factors of 2789249?
29, 96181
What are the prime factors of 7156035?
3, 5, 159023
List the prime factors of 61432.
2, 7, 1097
What are the prime factors of 19949612?
2, 4987403
List the prime factors of 20544869.
113, 181813
What are the prime factors of 35405?
5, 73, 97
List the prime factors of 2176552.
2, 7, 38867
What are the prime factors of 15071452?
2, 11, 17, 20149
What are the prime factors of 3663946?
2, 11, 13, 23, 557
What are the prime factors of 497580?
2, 3, 5, 8293
What are the prime factors of 19436734?
2, 19, 617, 829
What are the prime factors of 126089?
17, 7417
What are the prime factors of 8537787?
3, 37, 25639
What are the prime factors of 1112854?
2, 17, 71, 461
What are the prime factors of 1390889?
17, 81817
List the prime factors of 19618448.
2, 23, 89, 599
List the prime factors of 2681553.
3, 7, 149, 857
What are the prime factors of 1245332?
2, 11, 31, 83
List the prime factors of 247823.
79, 3137
What are the prime factors of 9338478?
2, 3, 1556413
What are the prime factors of 419305?
5, 17, 4933
What are the prime factors of 9412347?
3, 7, 448207
What are the prime factors of 1733874?
2, 3, 288979
List the prime factors of 1004659.
1004659
List the prime factors of 207658.
2, 11, 9439
List the prime factors of 963859.
13, 74143
List the prime factors of 531426.
2, 3, 7, 12653
What are the prime fact